27500592?
336
Calculate the greatest common divisor of 4238 and 1304.
326
Calculate the greatest common factor of 516 and 4116.
12
Calculate the highest common factor of 5654 and 22.
22
What is the greatest common factor of 1008 and 14896?
112
Calculate the greatest common factor of 2124297 and 147.
147
What is the greatest common factor of 1683 and 1737?
9
Calculate the greatest common factor of 124 and 199733.
31
Calculate the highest common divisor of 610 and 8.
2
Calculate the greatest common factor of 8 and 93136.
8
What is the greatest common divisor of 1240 and 13392?
248
What is the greatest common divisor of 132258 and 42?
42
What is the greatest common factor of 27929 and 11?
11
Calculate the highest common divisor of 30 and 160380.
30
What is the highest common divisor of 572 and 107393?
143
What is the highest common divisor of 13368 and 192?
24
Calculate the highest common factor of 1064345 and 20.
5
Calculate the highest common factor of 1133 and 187.
11
What is the highest common factor of 2172796 and 406?
58
What is the highest common divisor of 16302 and 69498?
858
What is the highest common divisor of 260892 and 216?
36
What is the highest common divisor of 1872 and 53508?
156
What is the greatest common factor of 5502 and 434?
14
Calculate the greatest common factor of 4233 and 996.
249
What is the highest common divisor of 55 and 1162337?
11
What is the greatest common factor of 9431960 and 80?
40
What is the greatest common divisor of 1413 and 102992?
157
Calculate the greatest common divisor of 280 and 976.
8
Calculate the greatest common factor of 134636 and 347.
347
What is the highest common divisor of 139567 and 233?
233
What is the highest common divisor of 57715 and 340?
85
Calculate the highest common factor of 3996 and 14364.
108
What is the highest common factor of 394 and 615625?
197
Calculate the highest common factor of 144 and 13131.
9
What is the greatest common divisor of 121419 and 405?
81
Calculate the greatest common divisor of 17 and 10609.
1
Calculate the highest common divisor of 36989 and 57451.
787
Calculate the highest common divisor of 14479 and 3.
1
Calculate the greatest common factor of 3438 and 538238.
382
What is the greatest common factor of 108 and 20796?
12
Calculate the greatest common factor of 12396 and 48.
12
What is the greatest common factor of 28454 and 9369?
347
What is the highest common divisor of 199171 and 147?
7
Calculate the greatest common divisor of 161704 and 492.
164
Calculate the highest common factor of 57 and 3385401.
57
Calculate the greatest common divisor of 294 and 217413.
147
Calculate the highest common factor of 191384 and 11092.
188
Calculate the highest common factor of 10 and 72955.
5
Calculate the highest common factor of 170996 and 2604.
868
What is the highest common factor of 57575 and 47940?
235
What is the greatest common factor of 81 and 1899?
9
Calculate the highest common divisor of 27 and 4938.
3
Calculate the greatest common divisor of 1572 and 8647572.
1572
What is the greatest common factor of 1971 and 329814?
657
What is the greatest common factor of 6 and 287142?
6
Calculate the highest common divisor of 73639 and 698.
349
Calculate the greatest common factor of 908664 and 120.
24
What is the greatest common divisor of 35448 and 42?
42
Calculate the highest common divisor of 2470 and 410.
10
What is the greatest common factor of 90361 and 1417?
109
Calculate the greatest common factor of 7664 and 24429.
479
Calculate the greatest common factor of 8614 and 9782.
146
Calculate the greatest common divisor of 963650 and 90.
10
Calculate the greatest common factor of 2583153 and 276.
69
What is the greatest common divisor of 37673 and 505?
101
What is the greatest common divisor of 840 and 197640?
120
What is the greatest common factor of 1078 and 5194?
98
Calculate the highest common divisor of 117 and 6019.
13
Calculate the greatest common divisor of 25029 and 63.
9
Calculate the highest common factor of 1020 and 3621.
51
What is the highest common divisor of 72 and 2062920?
24
Calculate the highest common factor of 1394 and 133127.
697
What is the highest common factor of 2184 and 6968?
104
What is the greatest common divisor of 533001 and 357?
357
Calculate the greatest common factor of 13086 and 1629.
9
Calculate the greatest common divisor of 18017 and 1978.
43
What is the greatest common divisor of 1509820 and 1040?
260
What is the greatest common factor of 80873 and 13?
13
What is the highest common divisor of 1622 and 16?
2
What is the highest common factor of 1018 and 3741659?
509
Calculate the greatest common factor of 1961 and 1073.
37
What is the greatest common divisor of 143910 and 27?
27
What is the greatest common factor of 19536147 and 1161?
1161
What is the greatest common factor of 152712 and 4536?
1512
Calculate the highest common divisor of 9 and 4425.
3
What is the highest common divisor of 28785 and 285?
285
Calculate the highest common factor of 6687 and 1125.
9
Calculate the highest common divisor of 62 and 3315543.
31
Calculate the greatest common factor of 260688 and 144.
48
What is the highest common divisor of 102 and 34901?
17
Calculate the greatest common divisor of 331768 and 3503.
113
Calculate the greatest common factor of 90 and 2610.
90
What is the highest common divisor of 8898000 and 1200?
1200
What is the greatest common divisor of 7722 and 4411?
11
What is the greatest common divisor of 413659 and 167?
167
Calculate the greatest common divisor of 4199811 and 231.
231
What is the highest common divisor of 1295 and 11375?
35
Calculate the greatest common factor of 559143 and 702.
351
Calculate the highest common factor of 768 and 3968.
128
What is the highest common divisor of 358 and 4418078?
358
What is the greatest common divisor of 672 and 461328?
336
Calculate the greatest common divisor of 216 and 102708.
108
Calculate the highest common divisor of 21 and 649124.
7
What is the greatest common divisor of 731566 and 2783?
121
Calculate the greatest common divisor of 1824 and 18768.
48
Calculate the highest common factor of 2349 and 423.
9
Calculate the greatest common divisor of 119730 and 2763.
921
What is the greatest common divisor of 1158 and 13?
1
Calculate the greatest common factor of 2015 and 372.
31
What is the greatest common factor of 170 and 15200?
10
What is the greatest common factor of 8502 and 29430?
654
What is the greatest common divisor of 74166 and 94?
94
Calculate the highest common factor of 34124 and 28.
4
What is the greatest common divisor of 125892 and 468?
468
Calculate the greatest common factor of 338334 and 612.
102
Calculate the greatest common factor of 35 and 2265053.
7
Calculate the highest common factor of 186 and 140802.
186
Calculate the greatest common factor of 174 and 33002.
58
What is the highest common factor of 14487930 and 69?
69
What is the greatest common divisor of 1957135 and 41?
41
What is the greatest common factor of 18070 and 130?
130
Calculate the greatest common factor of 2544 and 264.
24
Calculate the highest common divisor of 3493490 and 14.
14
Calculate the greatest common factor of 73 and 3669929.
73
Calculate the greatest common divisor of 1180 and 136585.
295
What is the greatest common factor of 634 and 203197?
317
What is the highest common divisor of 21 and 5601?
3
Calculate the greatest common divisor of 30956 and 36.
4
What is the highest common factor of 21 and 17793741?
21
What is the greatest common divisor of 591 and 662314?
197
Calculate the highest common divisor of 36 and 732762.
18
Calculate the greatest common factor of 1267421 and 71.
71
What is the greatest common factor of 8942 and 26?
2
What is the highest common factor of 90408 and 96?
24
What is the highest common divisor of 107 and 173019?
107
Calculate the greatest common factor of 30145 and 365.
5
What is the highest common divisor of 33831 and 945?
189
What is the highest common divisor of 36 and 114798?
6
Calculate the greatest common divisor of 514325 and 1225.
175
What is the greatest common factor of 6068 and 656?
164
What is the highest common factor of 566048 and 304?
304
Calculate the greatest common factor of 114020 and 340.
20
Calculate the highest common divis